{"id":192,"date":"2023-07-18T11:43:51","date_gmt":"2023-07-18T10:43:51","guid":{"rendered":"https:\/\/italientraum.eu\/?page_id=192"},"modified":"2025-05-06T14:03:49","modified_gmt":"2025-05-06T13:03:49","slug":"front-page","status":"publish","type":"page","link":"https:\/\/italientraum.eu\/index.php\/front-page\/","title":{"rendered":"3"},"content":{"rendered":"<div class=\"wp-block-image\">\n<figure class=\"aligncenter size-large\"><img fetchpriority=\"high\" decoding=\"async\" width=\"1024\" height=\"683\" src=\"https:\/\/italientraum.eu\/wp-content\/uploads\/2023\/08\/Frasinello-1024x683.jpg\" alt=\"\" class=\"wp-image-293\" srcset=\"https:\/\/italientraum.eu\/wp-content\/uploads\/2023\/08\/Frasinello-1024x683.jpg 1024w, https:\/\/italientraum.eu\/wp-content\/uploads\/2023\/08\/Frasinello-300x200.jpg 300w, https:\/\/italientraum.eu\/wp-content\/uploads\/2023\/08\/Frasinello-768x512.jpg 768w, https:\/\/italientraum.eu\/wp-content\/uploads\/2023\/08\/Frasinello-1536x1024.jpg 1536w, https:\/\/italientraum.eu\/wp-content\/uploads\/2023\/08\/Frasinello-2048x1365.jpg 2048w, https:\/\/italientraum.eu\/wp-content\/uploads\/2023\/08\/Frasinello-1568x1045.jpg 1568w\" sizes=\"(max-width: 1024px) 100vw, 1024px\" \/><\/figure>\n<\/div>\n\n\n<p><strong>Wir finden Ihr Traumhaus in Norditalien<\/strong><\/p>\n\n\n\n<p><strong>PIEMONT und MONFERRATO<\/strong><\/p>\n\n\n\n<p>Entdecken Sie diese bezaubernde Region mit ihren pituresken Bergd\u00f6rfern, Kirchen und Castellos, eingebettet in flie\u00dfende H\u00fcgel-Landschaften.&nbsp;<\/p>\n\n\n\n<p>Tradition ist im Piemont fest verankert in den Menschen und ihrer Geschichte, in bunten M\u00e4rkten &amp; Festen, wundervollen G\u00e4rten und traditionellem Kunsthandwerk<\/p>\n\n\n\n<p>Viele Menschen beschreiben diese Gegend als die                      \u201eToskana von vor 50 Jahren\u201c.<\/p>\n\n\n\n<p>Das Leben hier ist eher geruhsam, man nimmt sich Zeit f\u00fcr einen Espresso in der Bar und einen nachbarschaftlichen Schwatz und Fremde werden neugierig willkommen gehei\u00dfen. Man wird schnell Teil der lokalen Community, wenn man es denn m\u00f6chte.<\/p>\n\n\n<div class=\"wp-block-image\">\n<figure class=\"aligncenter size-large\"><img decoding=\"async\" width=\"1024\" height=\"590\" src=\"https:\/\/italientraum.eu\/wp-content\/uploads\/2023\/08\/Bar-Frasinello-mfo-1024x590.jpg\" alt=\"\" class=\"wp-image-263\" srcset=\"https:\/\/italientraum.eu\/wp-content\/uploads\/2023\/08\/Bar-Frasinello-mfo-1024x590.jpg 1024w, https:\/\/italientraum.eu\/wp-content\/uploads\/2023\/08\/Bar-Frasinello-mfo-300x173.jpg 300w, https:\/\/italientraum.eu\/wp-content\/uploads\/2023\/08\/Bar-Frasinello-mfo-768x442.jpg 768w, https:\/\/italientraum.eu\/wp-content\/uploads\/2023\/08\/Bar-Frasinello-mfo-1536x885.jpg 1536w, https:\/\/italientraum.eu\/wp-content\/uploads\/2023\/08\/Bar-Frasinello-mfo.jpg 1566w\" sizes=\"(max-width: 1024px) 100vw, 1024px\" \/><figcaption class=\"wp-element-caption\">Abendessen mit Nachbarn in unsererLieblingsbar in Frasinello<\/figcaption><\/figure>\n<\/div>\n\n\n<p>Die gro\u00dfen St\u00e4dte Turin und Mailand dagegen bieten City-Life in Reichweite und auch Genua, Verona und Venedig zeigen ihren ganz individuellen Charme nur wenige Autostunden entfernt. Umgeben von der nordischen Seenplatte Lago Como, Maggiore und Orta, die italienische Rivera, Portofino, Cinque Terre \u2013<\/p>\n\n\n\n<p>es gibt hier so viel zu entdecken.<\/p>\n\n\n<div class=\"wp-block-image\">\n<figure class=\"aligncenter size-large\"><img decoding=\"async\" width=\"768\" height=\"1024\" src=\"https:\/\/italientraum.eu\/wp-content\/uploads\/2023\/08\/Italientraum-Genoa--768x1024.jpg\" alt=\"\" class=\"wp-image-259\" srcset=\"https:\/\/italientraum.eu\/wp-content\/uploads\/2023\/08\/Italientraum-Genoa--768x1024.jpg 768w, https:\/\/italientraum.eu\/wp-content\/uploads\/2023\/08\/Italientraum-Genoa--225x300.jpg 225w, https:\/\/italientraum.eu\/wp-content\/uploads\/2023\/08\/Italientraum-Genoa--1152x1536.jpg 1152w, https:\/\/italientraum.eu\/wp-content\/uploads\/2023\/08\/Italientraum-Genoa-.jpg 1500w\" sizes=\"(max-width: 768px) 100vw, 768px\" \/><figcaption class=\"wp-element-caption\">Stadtvilla in Genua<\/figcaption><\/figure>\n<\/div>\n\n\n<p>Und nicht zu vergessen der mediterane Genuss, pures und echtes Italien:<\/p>\n\n\n\n<p>Familiengef\u00fchrte Wein Cantinas, schmackhafte K\u00e4se &#8211; und Oliven\u00f6l Verkostungen und die ber\u00fchmten Piemonter Tr\u00fcffel im Herbst.&nbsp;Dazu lokales Obst und Gem\u00fcse mit frischer Pasta,&nbsp; hergestellt in kleiner Produktion, traditionelle Fleischvariationen oder ein leckeres Risotto aus regionalem Reisanbau am Fluss des Po.<\/p>\n\n\n<div class=\"wp-block-image\">\n<figure class=\"aligncenter size-large\"><img loading=\"lazy\" decoding=\"async\" width=\"630\" height=\"1024\" src=\"https:\/\/italientraum.eu\/wp-content\/uploads\/2023\/08\/Trueffel-MonCalvo-Italientraum-630x1024.jpg\" alt=\"\" class=\"wp-image-261\" srcset=\"https:\/\/italientraum.eu\/wp-content\/uploads\/2023\/08\/Trueffel-MonCalvo-Italientraum-630x1024.jpg 630w, https:\/\/italientraum.eu\/wp-content\/uploads\/2023\/08\/Trueffel-MonCalvo-Italientraum-185x300.jpg 185w, https:\/\/italientraum.eu\/wp-content\/uploads\/2023\/08\/Trueffel-MonCalvo-Italientraum.jpg 710w\" sizes=\"(max-width: 630px) 100vw, 630px\" \/><figcaption class=\"wp-element-caption\">Foodfestival Moncalvo<\/figcaption><\/figure>\n<\/div>\n\n\n<p>Das alles inmitten von gr\u00fcnen Weinbergen, bl\u00fchenden Haselnusshainen, roten Mohnblumenfeldern, Schaf &#8211; und Sonnenblumenwiesen, soweit das Auge reicht.<\/p>\n\n\n\n<p>&nbsp;Wir lieben es. &nbsp;Wir sind hier geblieben. Wir haben ein Haus gekauft.<\/p>\n\n\n\n<p>Hausmanagement <a rel=\"noreferrer noopener\" href=\"https:\/\/greytek.eu\/\" target=\"_blank\">www.greytek.eu<\/a><\/p>\n\n\n\n<p>YouTube <a href=\"https:\/\/www.youtube.com\/@Italientraum1\" data-type=\"link\" data-id=\"https:\/\/www.youtube.com\/@Italientraum\" target=\"_blank\" rel=\"noreferrer noopener\">@italientraum1<\/a><\/p>\n\n\n\n<p>Instagram&nbsp;<a rel=\"noreferrer noopener\" href=\"https:\/\/www.instagram.com\/italientraum\/\" target=\"_blank\">@italientraum<\/a><\/p>\n\n\n\n<p>Facebook&nbsp;<a href=\"https:\/\/www.facebook.com\/profile.php?id=100093664266128\" data-type=\"URL\" data-id=\"https:\/\/www.facebook.com\/profile.php?id=100093664266128\" target=\"_blank\" rel=\"noreferrer noopener\">italientraum<\/a><\/p>\n\n\n\n<p><\/p>\n","protected":false},"excerpt":{"rendered":"<p>Wir finden Ihr Traumhaus in Norditalien PIEMONT und MONFERRATO Entdecken Sie diese bezaubernde Region mit ihren pituresken Bergd\u00f6rfern, Kirchen und Castellos, eingebettet in flie\u00dfende H\u00fcgel-Landschaften.&nbsp; Tradition ist im Piemont fest verankert in den Menschen und ihrer Geschichte, in bunten M\u00e4rkten &amp; Festen, wundervollen G\u00e4rten und traditionellem Kunsthandwerk Viele Menschen beschreiben diese Gegend als die \u201eToskana [&hellip;]<\/p>\n","protected":false},"author":1,"featured_media":0,"parent":0,"menu_order":0,"comment_status":"closed","ping_status":"closed","template":"","meta":{"ocean_post_layout":"","ocean_both_sidebars_style":"","ocean_both_sidebars_content_width":0,"ocean_both_sidebars_sidebars_width":0,"ocean_sidebar":"","ocean_second_sidebar":"","ocean_disable_margins":"enable","ocean_add_body_class":"","ocean_shortcode_before_top_bar":"","ocean_shortcode_after_top_bar":"","ocean_shortcode_before_header":"","ocean_shortcode_after_header":"","ocean_has_shortcode":"","ocean_shortcode_after_title":"","ocean_shortcode_before_footer_widgets":"","ocean_shortcode_after_footer_widgets":"","ocean_shortcode_before_footer_bottom":"","ocean_shortcode_after_footer_bottom":"","ocean_display_top_bar":"default","ocean_display_header":"default","ocean_header_style":"","ocean_center_header_left_menu":"","ocean_custom_header_template":"","ocean_custom_logo":0,"ocean_custom_retina_logo":0,"ocean_custom_logo_max_width":0,"ocean_custom_logo_tablet_max_width":0,"ocean_custom_logo_mobile_max_width":0,"ocean_custom_logo_max_height":0,"ocean_custom_logo_tablet_max_height":0,"ocean_custom_logo_mobile_max_height":0,"ocean_header_custom_menu":"","ocean_menu_typo_font_family":"","ocean_menu_typo_font_subset":"","ocean_menu_typo_font_size":0,"ocean_menu_typo_font_size_tablet":0,"ocean_menu_typo_font_size_mobile":0,"ocean_menu_typo_font_size_unit":"px","ocean_menu_typo_font_weight":"","ocean_menu_typo_font_weight_tablet":"","ocean_menu_typo_font_weight_mobile":"","ocean_menu_typo_transform":"","ocean_menu_typo_transform_tablet":"","ocean_menu_typo_transform_mobile":"","ocean_menu_typo_line_height":0,"ocean_menu_typo_line_height_tablet":0,"ocean_menu_typo_line_height_mobile":0,"ocean_menu_typo_line_height_unit":"","ocean_menu_typo_spacing":0,"ocean_menu_typo_spacing_tablet":0,"ocean_menu_typo_spacing_mobile":0,"ocean_menu_typo_spacing_unit":"","ocean_menu_link_color":"","ocean_menu_link_color_hover":"","ocean_menu_link_color_active":"","ocean_menu_link_background":"","ocean_menu_link_hover_background":"","ocean_menu_link_active_background":"","ocean_menu_social_links_bg":"","ocean_menu_social_hover_links_bg":"","ocean_menu_social_links_color":"","ocean_menu_social_hover_links_color":"","ocean_disable_title":"default","ocean_disable_heading":"default","ocean_post_title":"","ocean_post_subheading":"","ocean_post_title_style":"","ocean_post_title_background_color":"","ocean_post_title_background":0,"ocean_post_title_bg_image_position":"","ocean_post_title_bg_image_attachment":"","ocean_post_title_bg_image_repeat":"","ocean_post_title_bg_image_size":"","ocean_post_title_height":0,"ocean_post_title_bg_overlay":0.5,"ocean_post_title_bg_overlay_color":"","ocean_disable_breadcrumbs":"default","ocean_breadcrumbs_color":"","ocean_breadcrumbs_separator_color":"","ocean_breadcrumbs_links_color":"","ocean_breadcrumbs_links_hover_color":"","ocean_display_footer_widgets":"default","ocean_display_footer_bottom":"default","ocean_custom_footer_template":"","footnotes":""},"class_list":["post-192","page","type-page","status-publish","hentry","entry"],"_links":{"self":[{"href":"https:\/\/italientraum.eu\/index.php\/wp-json\/wp\/v2\/pages\/192","targetHints":{"allow":["GET"]}}],"collection":[{"href":"https:\/\/italientraum.eu\/index.php\/wp-json\/wp\/v2\/pages"}],"about":[{"href":"https:\/\/italientraum.eu\/index.php\/wp-json\/wp\/v2\/types\/page"}],"author":[{"embeddable":true,"href":"https:\/\/italientraum.eu\/index.php\/wp-json\/wp\/v2\/users\/1"}],"replies":[{"embeddable":true,"href":"https:\/\/italientraum.eu\/index.php\/wp-json\/wp\/v2\/comments?post=192"}],"version-history":[{"count":17,"href":"https:\/\/italientraum.eu\/index.php\/wp-json\/wp\/v2\/pages\/192\/revisions"}],"predecessor-version":[{"id":332,"href":"https:\/\/italientraum.eu\/index.php\/wp-json\/wp\/v2\/pages\/192\/revisions\/332"}],"wp:attachment":[{"href":"https:\/\/italientraum.eu\/index.php\/wp-json\/wp\/v2\/media?parent=192"}],"curies":[{"name":"wp","href":"https:\/\/api.w.org\/{rel}","templated":true}]}}